= 60 + 0. Let u be s + (5 - 5) + 0. What is the highest common factor of 40 and u?
20
Let x(o) = 52*o + 2. Let s be x(1). Suppose d - 6 = 3*z, -4*z = -4*d - 7*z + s. Calculate the highest common divisor of 30 and d.
6
Let o(u) = 2*u**3 + 18*u**2 - 3*u + 13. Let g = 12 + -21. Let w be o(g). What is the greatest common divisor of 120 and w?
40
Suppose -5 = -2*q + 13. Let f(a) = -9*a + 27. Let k be f(-5). Calculate the greatest common divisor of q and k.
9
Let o(r) = r**3 + 10*r**2 + 15*r. Let m be o(-7). Calculate the highest common factor of 147 and m.
21
Let m(s) = -2*s**3 + s**2 + 7*s + 5. Let g(c) = c**3 - 4*c - 2. Let r(q) = -11*g(q) - 6*m(q). Let h be r(7). What is the highest common divisor of h and 5?
5
Suppose d = -4*h + 26, 5*d = h + 2*h + 15. Suppose -4*u + 3*j - d*j = -31, -4*u + 11 = -j. Calculate the highest common divisor of 20 and u.
4
Let u(a) be the third derivative of -a**6/120 - a**5/12 - a**4/6 + a**3/3 - 5*a**2. Let c be u(-4). Calculate the greatest common divisor of c and 10.
2
Suppose 0 = -3*d - d + 2*z + 1154, -2*z - 1444 = -5*d. Calculate the greatest common divisor of 232 and d.
58
Let c(r) = -r**2 - 8*r + 6. Let d be c(-8). Let x(w) = -13*w + 3. Let q be x(-3). Suppose d*v - q = 4*v. Calculate the greatest common factor of v and 7.
7
Suppose -3*t + 10 = -8*t. Let b(i) = -2*i**2 + 2*i + 13*i**2 + 0*i**2. Let n be b(t). What is the highest common divisor of 10 and n?
10
Let m(s) = 2*s - 6*s + 2*s + 17. Let v be m(8). Calculate the greatest common factor of v and 8.
1
Suppose 4*d + 70 = -0*u + 5*u, -28 = -2*u - d. Suppose 31*v - u*v - 1122 = 0. Calculate the highest common factor of v and 22.
22
Let w(k) = -k**2 - 7*k + 2. Let y be w(-7). Suppose l = -y*l - 180. Let m = 104 + l. Calculate the greatest common factor of m and 4.
4
Suppose 48 = -5*a - 162. Let p(j) = -j + 15. Let s be p(0). Let h = s - a. Calculate the highest common divisor of h and 38.
19
Let k(g) = g**3 + 11*g**2 + 7*g + 22. Let z be k(-9). Suppose b - 3 = 5. Suppose b*l - z + 33 = 0. Calculate the greatest common factor of 22 and l.
11
Let l = -33 - -39. Suppose 11 = l*z - 13. What is the highest common factor of z and 2?
2
Suppose 4*f + 4*l + 76 = 0, -5*f = -l + 3*l + 101. Let q = 25 + f. Suppose o - 2*o - m = -q, -5*o + 5*m + 10 = 0. What is the greatest common factor of 1 and o?
1
Let n = 453 - 322. Suppose u - 100 = -5*w, -w + n + 51 = 2*u. Calculate the greatest common factor of 10 and u.
10
Suppose 0 = -15*p + 20*p - 80. Let q(c) = c**2 - c + 2. Let t be q(-5). Calculate the greatest common divisor of p and t.
16
Let c = 167 - 281. Let n = c - -153. Calculate the highest common factor of 13 and n.
13
Let f be 6/24 - 67/(-4). Suppose -f = -i - 4*q - 1, -4*i - 3*q = -64. Calculate the highest common factor of i and 40.
8
Let b(t) = -4*t - 36. Let h be b(-18). Let p = 64 - h. Calculate the highest common divisor of 7 and p.
7
Let d = -101 - -105. Suppose -2*s - 65 = b - d*b, 0 = -b + 4*s + 25. Calculate the highest common divisor of b and 3.
3
Let g(h) = 5 - 3 - 3 + 3*h - 5. Let j be g(3). Suppose -j*t + 65 - 11 = 0. Calculate the greatest common divisor of t and 144.
18
Suppose 3*j - 3*x - 63 = 0, 6*x - 38 = -3*j + 4*x. What is the highest common factor of j and 152?
8
Let p be -51*1*190/(-57). Let m(d) = -d**3 - 7*d**2 + 9*d - 13. Let f be m(-9). What is the greatest common divisor of f and p?
34
Suppose 0 = 2*u - f - 2*f - 188, -u + 89 = f. Let a be (-3)/(-6) - (u/(-2) - -2). What is the greatest common divisor of 22 and a?
22
Let f be 0 + -3 - (2 + -47 - -2). Suppose 4 = 2*i, -4*i + f = -2*y + 4*y. What is the greatest common factor of y and 16?
16
Suppose 2*r + 3*r - 10 = 0. Suppose -3*u + 151 = -p, p + 27 - 121 = -r*u. Let w be 14/4*84/u. What is the greatest common divisor of 54 and w?
6
Let w be (-516 - 0)*4/(-12). Suppose -10 + w = 2*z. Calculate the greatest common divisor of 9 and z.
9
Suppose 6*l - 15 = l. Let t(q) = -q**2 - 4*q + 1. Let f be t(-3). Let m be (1 + 58/(-4))/((-2)/f). Calculate the greatest common divisor of l and m.
3
Suppose 44 = 3*f - 154. Calculate the highest common divisor of f and 176.
22
Suppose 4*n = 2*i + 164, 2*i - 4*i = -5*n + 206. Let q(c) = 3*c - 1 + 4*c - c - 2. Let x be q(4). What is the greatest common divisor of n and x?
21
Let v be (-1)/(4/(-10) - 17367/(-43680)). Calculate the highest common divisor of 104 and v.
104
Suppose -z = -8 + 2. Let c be (-4)/14 - (-32)/14. Suppose -i - 6 = -c*i. Calculate the highest common factor of i and z.
6
Let g(x) = -7*x - 3. Let k be g(-2). Let y(t) = -t**3 + 23*t**2 + 3*t + 8. Let r be y(23). Calculate the greatest common divisor of r and k.
11
Let s be (-15)/(3/(-14) + 0). Let o be 27/10 - 3 - (-7371)/70. What is the greatest common divisor of o and s?
35
Let c(q) = q**3 + 3*q**2 - 7*q - 1. Let w be c(3). Calculate the greatest common factor of 96 and w.
32
Let c = 3 + 1. Let g(h) = h + 0 + 0*h**2 - 2 + 4*h**2 - 3*h**2. Let s be g(c). Calculate the greatest common divisor of s and 126.
18
Let n = 66 + -6. Calculate the highest common factor of n and 45.
15
Suppose 4*b + 0*b - 60 = 0. Let z(u) = -14*u - 12. Let n be z(-1). Let x = b - n. Calculate the highest common factor of x and 39.
13
Suppose 13*x + 50 = 8*x. Let y(d) = 3*d**2 + 30*d + 6. Let q be y(x). Calculate the greatest common factor of 30 and q.
6
Let q(a) = -5*a - 5. Let s be q(-1). Suppose -4*k + 228 = 4*j, s = 3*k + 8*j - 4*j - 176. Calculate the greatest common divisor of k and 4.
4
Let f(c) = -c**2 - 23*c - 2. Let m be (-42)/14 + (-2 - 0) + -16. Let k be f(m). Calculate the greatest common divisor of k and 8.
8
Let h(b) = -b**2 + 13*b + 38. Let f be h(16). Let n(p) = p**2 + 4*p - 30. Let k be n(f). Calculate the highest common factor of 12 and k.
6
Let i(s) = 3*s**3 - 1. Let g be i(1). Let m be g/8 + 94/8. Let q(f) = 97*f**2 - f. Let x be q(1). Calculate the highest common divisor of m and x.
12
Suppose 2*h + 15 = 4*v - 15, 0 = -5*v - h + 34. What is the highest common factor of v and 1?
1
Let c(f) = 11*f + 255. Let a be c(-23). Suppose 4*i = -4*q + 3*i + 381, 0 = 5*q + 3*i - 485. Let l = q + a. What is the highest common factor of 24 and l?
24
Let q(k) = k**3 - 8*k**2 + 18*k - 3. Let r be q(5). Calculate the greatest common divisor of r and 44.
4
Suppose 240 = 4*m - 4*x, -3*m + m - 3*x + 95 = 0. What is the greatest common factor of 121 and m?
11
Suppose 5*h - 396 = -2*i + 190, -1172 = -4*i + 5*h. Suppose -2*r = -4*k - 202, i = -2*r + 5*r + 4*k. Calculate the highest common divisor of r and 9.
9
Suppose -4*r = 13 - 17, -3*d - r + 433 = 0. Calculate the highest common divisor of d and 84.
12
Let i(s) = s**2 - 3. Suppose 30 = 7*a - 2*a. Let j be i(a). Suppose 0*x = 4*x - 88. What is the highest common divisor of j and x?
11
Let r be (23 - -57)/(2/9). What is the highest common factor of 45 and r?
45
Suppose -260*v - 1766 = -2*k - 262*v, -4*k + 5*v = -3505. Calculate the highest common divisor of k and 275.
55
Suppose -84 = -6*o + 2*o. Let t = 3014 - 2825. What is the greatest common factor of o and t?
21
Suppose 9 = p - 3. Let m be p/9*3 - -1. Suppose -4*k + 120 = 2*k. What is the highest common factor of k and m?
5
Let u be 2/4 - (-10281)/46. What is the greatest common divisor of 7 and u?
7
Let a be (-4 + 9)*(1 + 149)/2. What is the greatest common divisor of a and 30?
15
Suppose -3*o = -209 + 62. Suppose 2*f + 13 = o. What is the highest common divisor of 90 and f?
18
Let t = 74 - 73. Suppose 7*n - t - 13 = 0. What is the highest common factor of 4 and n?
2
Let y be 6 + 1 - (14/(-1) - 3). What is the highest common factor of y and 366?
6
Suppose -10*v - 10 = -11*v. Let x be -2 + v/(-2)*-4. What is the greatest common factor of x and 27?
9
Let j(m) = 2*m + 90. Let r be j(18). What is the greatest common factor of r and 42?
42
Let x be -7 - (-7)/((-4)/(-596)*1). What is the greatest common factor of 42 and x?
14
Let i be (-477)/(-1113) + (-585)/(-7). What is the greatest common factor of 98 and i?
14
Let h be (10 + -3)*5/35. Let x be h*(1240/1)/5. Calculate the highest common divisor of 31 and x.
31
Let y be (((-84)/(-15))/(-4))/(2/(-10)). Suppose 6 = y*j - j. What is the highest common factor of j and 8?
1
Suppose -5*t = 2*z - 201 + 61, 0 = 2*z + 10. Suppose -3*p + 63 = -l, 3*l - 21 = -p - 10. Calc